- 3. Let c be j(7). Suppose -o + 259 = 2*m, -c*o + 274 = -3*o - 3*m. Is o a prime number?
False
Let r be (-5)/10 + (-22)/(-4). Suppose -5*s - 2*k + 285 = 0, 0*s = -r*s - k + 285. Is s prime?
False
Suppose z = -3*z + 5276. Is z a composite number?
False
Suppose 3548 = r + 3*r. Is r a prime number?
True
Let t(o) = -o + 402. Let z be t(0). Is -3 + -1*z/(-3) a prime number?
True
Suppose -t + 8 = t. Let r = t + 19. Is r prime?
True
Let w be (-5055)/(-9) - (-6)/(-9). Suppose -q + w = 2*q. Is q a prime number?
False
Suppose -d + 5*s + 198 = 0, 3*d + 4*s = 6*d - 605. Suppose -d = 4*n - 3*m, n = 3*n + 3*m + 115. Let g = 32 - n. Is g a prime number?
False
Suppose -t + 570 = 4*t. Let f = t - 61. Is f a composite number?
False
Let b(u) = 43*u**3 - 2*u**2 - 9*u + 7. Is b(3) prime?
True
Suppose l + 35 = -x + 3*x, 2*x + 3*l = 15. Suppose -2*b = 3*b - x. Suppose -2*z + 39 = -b*y + 12, -4*z + 9 = 3*y. Is z a prime number?
False
Let b be (1 - 1) + 570/(-6). Let m = b - 232. Is 4/6 + m/(-9) a prime number?
True
Let w(z) be the first derivative of -z**5/60 + 3*z**4/8 - 7*z**3/6 + z**2 - 1. Let b(c) be the second derivative of w(c). Is b(7) prime?
True
Suppose -3*a - 2*v + 235 = -2*a, 5*a - 5*v = 1250. Suppose -2*o + 242 = 4*w, -2*o + 0*w + a = 3*w. Is o composite?
False
Let h(c) = 13 + 3*c + 13 - 4. Is h(15) a composite number?
False
Is 7/(14/8) + (198 - 1) a composite number?
True
Suppose -5*f = -21 + 6. Suppose 0 = f*u - 2*a - 3*a - 43, -9 = -u + 3*a. Is u a prime number?
False
Suppose 0 = 6*o - 2*o. Suppose 4 = 4*c, o*n + 386 = 4*n - 2*c. Is n a composite number?
False
Let l(s) = 14*s + 1. Let d be l(1). Let t be (20/d)/((-4)/(-6)). Suppose -5*b - 250 = -3*o - 2*o, 4*o + t*b = 230. Is o a prime number?
False
Let x(b) = 11*b**3 + b**2. Let m be x(-1). Let s(g) = -3*g + 7. Is s(m) composite?
False
Let z be 12/5 + 4/(-10). Suppose -4*n + 8 = -4*j, z*j + n = -j - 2. Is (-3 - 4)/(j/3) a prime number?
False
Let u(q) = -q**3 + 7*q**2 - 5*q + 4. Let d be u(6). Let t = -3 + d. Is t prime?
True
Suppose -2*k - 29 = -99. Is k composite?
True
Let i(z) = 2*z + 1. Let k be i(1). Let r be (k - 2)*(-3 + 2). Let c = r + 8. Is c composite?
False
Let o(w) be the second derivative of 13*w**4/6 - w**3/2 - w**2/2 + 5*w. Is o(-2) a prime number?
True
Let o = -18 + 39. Is o composite?
True
Suppose 0 = -3*h - 2*j + 5, h - 3*j - 21 = -4*h. Suppose w + 500 = 4*l + 3*w, -5*w + 361 = h*l. Is l a composite number?
False
Suppose -r + 9 = 2*r. Suppose -u - 90 = -2*u + c, -286 = -r*u - 5*c. Let x = u + 29. Is x prime?
False
Suppose -4*r - 4 = 0, 2*j + 3*j + 5*r - 20 = 0. Suppose -3*l + x = -125, -j*l + 3*x + 2*x = -195. Let p = l + -8. Is p a composite number?
True
Is (-10 - -7)/((-9)/11091) a composite number?
False
Let w = 1965 - 1352. Is w composite?
False
Suppose -f + 4 + 1 = 0. Let u(z) = 5*z**3 - 4*z**2 + 6*z - 2. Let v(h) = -11*h**3 + 8*h**2 - 13*h + 4. Let k(t) = 9*u(t) + 4*v(t). Is k(f) a composite number?
True
Let i(j) = 2 + 3 + 0*j - j. Is i(3) composite?
False
Let j(b) = -8*b**3 - 2*b**2 + b - 1. Suppose -f = 2*f + 6. Is j(f) prime?
True
Let n(p) = -3*p + 10. Let g be n(-7). Let f = -10 + g. Is f composite?
True
Suppose -3*v = 3*v + 780. Let r = v + 575. Is r composite?
True
Suppose 3*x - 1 = 14. Suppose -9 = x*p - 3*q, -q + 4 = -3*p - 3. Let w(u) = -3*u**3 + u**2 + u - 2. Is w(p) a prime number?
False
Suppose 4*n = n - o + 1078, 5*n - 1797 = -2*o. Is n a composite number?
False
Let u = 12 + -8. Suppose 8*k - u*w = 4*k + 484, -k - w + 117 = 0. Is k a prime number?
False
Let g(u) = -u**2 + 34*u + 25. Is g(20) a composite number?
True
Let p(y) = y**3 + y**2 - 3*y. Let b be p(3). Let i = 30 + b. Is i a composite number?
True
Let s = 10 + -6. Suppose -s = -3*z + z. Suppose -30 = -z*a + 32. Is a a composite number?
False
Suppose 4*s - 4 = 4. Suppose 0 = -s*d - 43 + 185. Suppose 3*i + 7 = -2*c, -5*i + 26 = -5*c + d. Is c a composite number?
True
Suppose 5*w - 20 = -0. Let l(g) = -16*g + 3. Let u be l(2). Let a = w - u. Is a a composite number?
True
Suppose 15*t - 1174 = 13*t. Is t a prime number?
True
Is (-12)/54 + 1 + 506/9 a composite number?
True
Suppose c + d - 687 = 0, 2*c - 4*c = 4*d - 1366. Is c a prime number?
True
Suppose 4*p - 6 - 2 = 0. Let g be 333/5 + p/5. Suppose h = n + 34, 2*h - g = 5*n - 8. Is h prime?
True
Suppose 2*z - 38 - 350 = 0. Let b = -88 + z. Is b prime?
False
Suppose -5*n + 414 + 1221 = 0. Is n composite?
True
Let o = 1 + 2. Suppose 4*q - o*q - 35 = 0. Is q a composite number?
True
Let k be 328/6 - 8/(-24). Suppose 0 = -4*b - 0*b - 12, 43 = -5*f - b. Let z = k + f. Is z a prime number?
True
Let k be (-3 - -2)/(2/2). Is ((-4)/(-8))/(k/(-430)) prime?
False
Suppose 1495 = -5*z - 1445. Is z/(-27) + (-10)/(-45) prime?
False
Let t = 10 - -101. Suppose 5*z - 175 = 45. Suppose t = f - z. Is f a composite number?
True
Let v(b) = -7 - 4*b - 7*b - 7*b - 15*b. Is v(-6) composite?
False
Let i = -20 - -2119. Is i a prime number?
True
Let i = -18 - -20. Suppose -3*s + i*l + 628 = -3*l, 4*s - 4*l - 840 = 0. Is s a prime number?
True
Let d(b) = -3*b**3 + 9*b**2 - 2*b - 6. Let p(o) = 2*o**3 - 8*o**2 + 2*o + 5. Let c(v) = 3*d(v) + 4*p(v). Is c(-6) prime?
False
Let f = 608 + -255. Let j = f - 198. Is j composite?
True
Let c(m) = -3*m**2 + 5*m + 5. Let k(l) = 3*l**2 - 5*l - 4. Let x(g) = -3*c(g) - 4*k(g). Let u(a) = -a**2 + 1. Let v(r) = -2*u(r) + x(r). Is v(4) composite?
False
Let u(i) = i**2 - 10*i - 4. Is u(11) a prime number?
True
Let b(r) = -3*r**3 - 3*r**2 - r - 4. Suppose 0*s + 4*s = -12. Is b(s) a prime number?
True
Let t = -23 - -24. Let h(a) = 511*a**3 + a**2 - 1. Is h(t) a composite number?
True
Suppose -5*n - 21 - 29 = 0. Let x be (6/4 - 2)*n. Suppose -3*d + 42 = 3*b, 5*b + 36 = x*d - 34. Is d a composite number?
True
Is 86 + (0/2 - -3) a composite number?
False
Suppose v - 21 = -3*j, -3*v + 3*j = -j - 102. Suppose -6*q = -q + v. Is (q/5)/(2/(-15)) a composite number?
True
Let o(p) = 109*p**2 + 2*p + 1. Let a be o(-1). Suppose -2*r + a - 28 = 0. Suppose -4*n + 0*n = -r. Is n a prime number?
False
Suppose -7*j - 1035 = -6698. Is j prime?
True
Suppose 1 = -2*d - 3*z, 3 = 3*d - 4*z + 13. Let n = d - 1. Is 2 - n/((-6)/(-38)) prime?
False
Let d(x) = 6*x**3 - 2*x**2 + x. Let r be d(1). Suppose 4*q = -r*n + 4*n + 264, 0 = 3*n + 12. Is q a composite number?
False
Let r = 33 - -51. Let l = r + 32. Let d = -81 + l. Is d a prime number?
False
Let u(t) = t**3 + 2*t**2 - 2*t - 3. Let a be u(-2). Suppose -2*d = 2*x + 18, d = -0*d - a. Is ((-106)/x)/((-4)/(-16)) a prime number?
True
Let d = -115 + 162. Is d composite?
False
Let d = 16 - 10. Suppose -v = v - d. Is v a prime number?
True
Let b = 212 - 33. Is b a composite number?
False
Let k be 4 - 74*1/(-2). Suppose f = k + 68. Is f a composite number?
False
Let y(b) = 5*b**3 + 2*b**2 + 4*b - 1. Is y(4) prime?
True
Suppose 5*s + 3 = -q - 4, -s = -4*q + 77. Let y = q - 12. Is y composite?
True
Let r be (-60)/14 - 4/(-14). Let o(u) = u**3 + 3*u**2 - 3*u + 5. Let d be o(r). Is (-1)/1*d - -38 a composite number?
False
Let k(b) = -b**3 - 16*b**2 - 13*b + 13. Suppose -7*z + 3*z = 64. Is k(z) prime?
False
Let s(n) = n**3 + 5*n**2 - 5*n + 8. Let h be s(-6). Suppose -38 = -4*m + h*m. Is m a composite number?
False
Is (609/35)/(2/10) a composite number?
True
Let f = -11 - -13. Let j = 2 - 2. Suppose -2*u - l + 5*l + 72 = j, 0 = 4*u + f*l - 194. Is u a composite number?
True
Let h be 0 - (1 - (1 + 10)). Suppose v = y + h, 3*v + 4*y + 1 = 3. Is v/21 + 467/7 composite?
False
Let b be 0/2 + 0 + 262. Suppose 3*m - b = -h, m + h - 3*h - 99 = 0. Is m a prime number?
True
Suppose 2*o - 1962 = 4*f + 1048, 0 = -3*o - 4*f + 4495. Is o prime?
False
Let d(i) = -23*i + 10. Let w(m) = -68*m + 30. Let u(g) = 11*d(g) - 4*w(g). Is u(5) a prime number?
False
Let j = -6 - -10. Let w = 85 + j. Suppose -5*f + 96 + w = 0. Is f prime?
True
Suppose 0 = -j + 11 - 2. Let n = -5 + j. Is 14/n - (-1)/(-2) composite?
False
Let j(a) = 11*a. Let y be j(1). Suppose -p + 12 = -y. Is p a composite number?
False
Suppose 0 = n + a - 63, n = -4*n + 4*a + 333. Is n a composite number?
True
Let z(p) = p + p + 419 - p. Is z(0) prime?
True
Let w(r) = -16*r - 13. Let v(a) = 65*a + 52. Let x(k) = -2*v(k) - 9*w(k). Is x(16) a prime number?
False
Suppose 2 + 3 = s. Suppose -k - 14 = 4*z